= -84*q - 1. Is y(-1) composite?
False
Let l(g) = -13*g - 5. Let m(a) = 13*a + 4. Let r(u) = -2*l(u) - 3*m(u). Is r(-1) composite?
False
Let i(m) = -m**2 - m - 5 + 0*m**2 + 4*m**2 - 8*m. Is i(-9) composite?
True
Suppose 0 = 3*g - t - 6, -3*g + 3*t - 5*t + 6 = 0. Suppose -g*w + 108 = -694. Is w composite?
False
Let z = 25 + -25. Suppose z = 3*b - 179 - 58. Is b a composite number?
False
Let g(v) = 2*v**2 + v - 2. Is g(3) a prime number?
True
Let p = 21 + -22. Suppose 3*f - 202 = 26. Let y = f - p. Is y composite?
True
Suppose 2*y = 0, 3*x - 6773 = -y - 1982. Is x prime?
True
Let z(s) be the third derivative of -s**6/120 - 2*s**5/15 + s**4/8 + 2*s**3/3 + s**2. Suppose 0 = 4*i + 48 - 12. Is z(i) composite?
True
Suppose -11 = 4*z - 239. Is z composite?
True
Suppose 3*k = 3*d + 360, -3*d + 378 = 2*k + k. Is k a composite number?
True
Suppose -z + 889 + 232 = 0. Let x = z + -784. Is x composite?
False
Is 2667/6 - 4/(-8) a composite number?
True
Suppose v - 2 = -k + 1, -4*k + 2*v = -6. Let i(u) = 2*u**k + 0*u**2 - 3 + 8 - 7*u. Is i(6) composite?
True
Suppose 3*y + 3*i = i - 6, -i = -3*y + 3. Suppose y = 2*q - q + 72. Let m = -41 - q. Is m a prime number?
True
Let k(l) = 2*l + 1. Let j be k(4). Let a = 16 - j. Let q = a - -142. Is q a prime number?
True
Is ((-123)/(-6))/((-204)/(-40) - 5) prime?
False
Let l be 9/18 - 341/(-2). Suppose -4 = -2*g - 0*g. Suppose 5*r = -g*u + 180 - 13, u - l = -5*r. Is r a prime number?
False
Let o = -784 + 1551. Suppose -5*h + 1058 = -o. Is h a prime number?
False
Let o(q) = 3*q**2 - 2*q - 20. Let f be o(9). Let y(z) = z - 1. Let u be y(5). Suppose -u*p = -f - 15. Is p a prime number?
False
Let h(k) = 5 + 3*k + 8*k**2 - k**3 + 3*k - k**2. Let y = 30 - 24. Is h(y) a composite number?
True
Let c(m) = m - 3. Suppose 4*q - q = 15. Let n be c(q). Suppose -f = z + z, -z + n*f = -10. Is z a prime number?
True
Let t = 203 - -639. Is t a composite number?
True
Suppose -6811 = -2*v + j, 0*j + 3*j = 2*v - 6805. Is v a composite number?
False
Let f(z) = -z**3 + 6*z**2 + 7*z + 7. Let u be f(7). Suppose 2*d = u*d - 105. Is d prime?
False
Suppose 0 = 2*m + 2*b + 4, 2*b + 13 = 2*m - 7*m. Is -1*(-167 - m/3) prime?
False
Let g be (3 - 1)*1/2. Let f = -5 + g. Is (8/6)/(f/(-30)) composite?
True
Is (1 + 0)*(28 - -1123) a composite number?
False
Let u(m) = -3*m**2 + 4*m - 3. Let x be u(2). Let a = x + 14. Is a a prime number?
True
Suppose 39 = 3*z - 72. Is z a prime number?
True
Let d be (15/(-9))/(1/(-3)). Let y = 31 + d. Let f = y - 14. Is f a composite number?
True
Let k(d) = d**2 + 3*d - 1. Let a be k(-4). Let z(r) be the second derivative of r**4/4 - r**3/3 + r**2 - 2*r. Is z(a) a composite number?
False
Is (0 + -4)*-1 + 55 a prime number?
True
Let g be (6/(-3))/((-3)/4068). Suppose -4*j + v + g = 0, 3*v = 6 + 6. Is j prime?
False
Let g(q) = -7*q - 9. Let j(c) = -2*c + 8. Let m be j(6). Is g(m) composite?
False
Let j(m) = -m**3 - 10*m**2 - 11*m - 13. Let w be j(-9). Suppose 0 = -n + w*n - 76. Is n composite?
False
Let m be 3/(6/160) + 1. Suppose 3*r - 294 = -m. Is r prime?
True
Is 2/13 - (-28737)/39 composite?
True
Suppose 5*w + 2 = -4*m, -w - 7 = -0*w + 3*m. Suppose -l - 5*i = -3*l + 247, -241 = -w*l - i. Is l prime?
False
Let q(t) = -14*t + 13. Let x(b) = b. Let s(i) = -q(i) - 5*x(i). Is s(10) prime?
False
Suppose -2*b - 24 = -2*j - 0*j, 4 = 2*b. Suppose -2*a - 8 = -v, -4*a - j = 3*v + 2. Suppose 868 = 4*f - v*f. Is f composite?
True
Let k = -7 - -26. Is k a composite number?
False
Is (18 - 16)/((-4)/(-4666)) a composite number?
False
Let b = -365 - -858. Is b composite?
True
Let d(u) = 24*u**2 + 11*u - 35. Is d(8) a prime number?
False
Let m = 6 + -8. Is 0 + 2/m + 60 a prime number?
True
Let m = 0 + 2. Suppose m*w = 3*v - 57, 0 = -3*w + v - 0*v - 89. Is (39/9)/((-2)/w) prime?
False
Suppose -3*v + 5*o = -26, -2*v + 2*o - 4 = 4*o. Suppose 4*k - 100 = v*k. Suppose 2*r + 2*r - 2*l - k = 0, 0 = 5*r + l - 52. Is r prime?
True
Let m be (-69)/21 - 2/(-7). Is -322*(m/2 - -1) a prime number?
False
Is 1/(1 - -2) - 15168/(-72) a prime number?
True
Suppose 0 = -8*b + 3*b + 5. Is (-1108)/(-14) + b/(-7) a prime number?
True
Let n = -213 + 337. Suppose -20 = 2*w + 2*h - n, 4*w + 5*h = 207. Is w a prime number?
True
Let o(v) = -v**2 + 9*v + 7. Suppose n = 5 + 2. Is o(n) composite?
True
Let l(g) = -g**3 + 5*g**2 + 11*g - 7. Let z be l(7). Is (-4064)/z - (-2)/(-14) prime?
False
Let n(a) = -a + 2. Suppose j + 12 = 5*j. Let d be n(j). Let m(o) = -11*o - 1. Is m(d) composite?
True
Suppose 2*p - 3 = 3. Suppose 0 = -5*w + b + 1243, -4*b + 2*b = p*w - 751. Is w prime?
False
Suppose 0 = 5*x + 5*d - 9352 + 1082, -1650 = -x - 5*d. Is x composite?
True
Let f be -2 - (-6*1 + 1). Suppose -262 = -2*i - d, 5*i = f*i + 3*d + 278. Is i composite?
True
Let a = -8 - -10. Suppose 197 + 141 = 4*h - 3*r, 4*h - a*r - 336 = 0. Is h a composite number?
False
Let a be 0*3/(-12)*2. Let u be (-3 - a) + 0 + -107. Let c = -43 - u. Is c composite?
False
Suppose 3*q + 316 = 3013. Is q a composite number?
True
Suppose 2*s + a - 9 = 0, -2*s + 7*a - 16 = 3*a. Is -3 + s + 220/2 prime?
True
Let o(t) = 0*t + t**2 - 2*t + 8*t**2 + 2. Is o(1) a prime number?
False
Suppose 3*h - 70 - 23 = 0. Is h a prime number?
True
Let v be (-12 + 2)/(2/(-8)). Suppose 3*l - p = -41, -4*l - 4*p = l + v. Is (5 + 1)*(-30)/l composite?
True
Suppose 28 = 4*t - 20. Suppose g = 9 + t. Is g a prime number?
False
Let i(g) = 0*g**2 - g**2 + 4*g + 5 + 0. Let q be i(5). Suppose 2*r - 3*j - 19 = q, -3*r + 32 = -j - 0. Is r a composite number?
False
Is (-1 + 383)/(-4 + 6) a composite number?
False
Suppose -3*t + 180 = -3*m, 0*t - 4*m = -2*t + 122. Let l = -10 + t. Is l a prime number?
False
Suppose h = -l, -3*h + 2 = -l + 5*l. Suppose l*w - 7 = 1. Suppose 3*m = -3*g + 111 + 84, w*g = -3*m + 262. Is g a prime number?
True
Let u = -22 + 20. Is (3 - -1) + 121 - u a composite number?
False
Let b = -727 + 1050. Is b a prime number?
False
Let x = -823 + 1724. Is x a composite number?
True
Suppose -11*k + 5*k + 3798 = 0. Is k composite?
True
Suppose -3*d + 0*r = -2*r + 386, 510 = -4*d - 2*r. Suppose -8*o = -14*o + 1302. Let c = d + o. Is c a prime number?
True
Suppose -3*m - 18 = -4*h - 5*m, -4*h = -m - 9. Let j(p) = p**2 - 2. Is j(h) composite?
False
Let g(c) = c + 6. Let w be g(-6). Suppose -1235 - 431 = -5*f + 2*y, w = -5*y + 10. Is f prime?
False
Let f be 3*(1 - 3)/(-2). Suppose -7*q + 3*b = -2*q - 236, -130 = -f*q - 4*b. Is q prime?
False
Let l(x) be the third derivative of x**5/10 - x**4/12 - x**3/6 - x**2. Let m be l(-2). Suppose 105 = 4*k - m. Is k prime?
False
Let o(p) = 4*p - 4*p**2 + p - 1 + 9*p**2. Let t(b) = -14*b**2 - 14*b + 2. Let l(n) = 17*o(n) + 6*t(n). Is l(-4) a composite number?
False
Let o = 3 + 2. Suppose 0 = -3*z + 4*b + 891, b + 0*b - 1462 = -o*z. Is z a prime number?
True
Is -2876*(3/(-6) - (0 + 0)) a composite number?
True
Suppose 3*s + 252 = 4*q, 0*q - 4*s - 196 = -3*q. Suppose 2*u = -5*v - 3*u + q, 0 = -5*v - 2*u + 45. Is v a prime number?
True
Let q = 149 + 596. Is q a prime number?
False
Let u(k) = 3*k - 7 + 2 - k**3 + 3*k**2 - k**2 + 3. Let r be u(3). Let y = 23 + r. Is y prime?
False
Let x = 10 - -39. Is (22 - -1)/(7/x) a composite number?
True
Let z(b) = 30*b + 1. Let s be z(1). Let p be -1 - s - (-4 + 6). Let t = p - -65. Is t a prime number?
True
Let n(g) = g + 7. Let y(v) = -v - 7. Let l(x) = 5*n(x) + 4*y(x). Let s be l(0). Suppose -s*j = -2*j - 335. Is j a composite number?
False
Let t(s) = s**3 + 5*s**2 - 7*s - 5. Let y be t(-6). Let b be ((-3)/(-3))/y - -7. Let o(x) = -x**2 + 8*x + 10. Is o(b) prime?
False
Suppose c = -3*c. Suppose -5*q + 101 + 29 = c. Is q a prime number?
False
Suppose 0 - 2 = 5*f - 4*q, 2 = -2*f + 2*q. Suppose 5*p + 2*r = 15, 2*p = -0*p - f*r. Let z(d) = 2*d**2 - 4*d + 4. Is z(p) a composite number?
True
Let b(y) = y**2 - 3*y - 4. Suppose -4*h - 3 = -23, 2*h + 6 = 4*m. Let n be b(m). Suppose n*v + 620 = 5*w + 3*v, 3*w - 2*v = 391. Is w composite?
False
Suppose 0 = 2*b - 0*b - 6. Suppose b*m = 2*x + 288 + 70, -2*m - 5*x + 264 = 0. Let r = m - 7. Is r composite?
True
Suppose 0*p + 4*p - 332 = 0. Is p a prime number?
True
Let l(h) = 31*h**2 + 3*h + 17. Is l(6) a prime number?
True
Is (-6)/(-8) - (-2055)/60 a prime number?
False
Let p = -165 - -313. Let f = p - 57. Is f